= f**3 - 2*f**2 - 4*f - 1. Give s(3).
-4
Let r(h) = h**3 - 17*h**2 + 32*h - 18. What is r(15)?
12
Let c(t) = t**3 - 9*t**2 - 12*t + 8. Calculate c(10).
-12
Let n(d) = -11*d**2. Calculate n(-1).
-11
Let m(c) = c**2 + 20*c + 105. Give m(-13).
14
Let l(x) = x**2 - 14*x + 36. Give l(11).
3
Let v(x) = x**3 - 15*x**2 - 17*x + 28. Give v(16).
12
Let s(m) = m**2 - 13*m + 13. Give s(16).
61
Let k(g) = 3*g**2 - 43*g - 21. What is k(15)?
9
Let u(w) = w**2 + 2*w - 3. Give u(-2).
-3
Let o(y) = y**2 - 11*y - 1. Calculate o(12).
11
Let m(q) = 3*q**2 + 8*q + 16. Calculate m(-3).
19
Let r(n) = n**3 - 7*n**2 + 7*n - 10. Calculate r(5).
-25
Let v(n) = n + 4. What is v(3)?
7
Let u(x) = 2*x + 40. Calculate u(-19).
2
Let l(d) = -d + 15. Calculate l(14).
1
Let p(s) = -4*s**2 + 2*s - 9. Give p(2).
-21
Let d(s) = 3*s**3 - s**2 - 7*s - 3. Calculate d(-2).
-17
Let g(v) = -2*v**2 + 13*v + 27. Calculate g(8).
3
Let d(n) = 8*n**3 - 6*n + 3. Determine d(2).
55
Let b(v) = v - 5. Determine b(3).
-2
Let l(z) = -z**3 - 7*z**2 - 5*z + 8. Calculate l(-6).
2
Let o(b) = b + 2. Give o(4).
6
Let b(p) = -2*p**3 - 2*p - 4. Determine b(3).
-64
Let b(w) = -42*w + 130. Calculate b(3).
4
Let m(d) = -9*d**2 + 63*d + 7. Give m(7).
7
Let q(s) = s**3 + 11*s**2 - 11*s + 13. Give q(-12).
1
Let p(i) = -i + 1. Determine p(-7).
8
Let r(y) = -2*y**3 - 21*y - 21. Determine r(-1).
2
Let p(z) = -31*z + 807. Calculate p(26).
1
Let m(k) = -2*k**3 - 16*k**2 - 28*k + 11. What is m(-5)?
1
Let r(y) = -2*y - 15. Calculate r(-10).
5
Let d(q) = -q**3 - 21*q**2 + 17*q - 42. What is d(-22)?
68
Let k(x) = x**2 + 7*x - 13. What is k(-9)?
5
Let a(l) = l**3 + 6*l**2 - 6*l + 3. What is a(-7)?
-4
Let r(i) = 2*i**2 - 21*i - 23. Calculate r(12).
13
Let r(s) = -5*s - 6. Determine r(10).
-56
Let f(u) = -2*u**3 + u**2 + 5*u + 5. Determine f(-2).
15
Let c(s) = -135*s - 681. Calculate c(-5).
-6
Let k(b) = 2*b**2 + 32*b - 31. Calculate k(-17).
3
Let c(w) = -2*w**2 - 23*w - 36. Give c(-9).
9
Let x(v) = v - 31. Give x(14).
-17
Let c(f) = f**3 - 6*f**2 + 13*f - 7. Determine c(4).
13
Let j(k) = k**3 - 2*k**2 - 6*k - 10. Calculate j(4).
-2
Let b(a) = 36*a**3 - a**2 - a. Determine b(-1).
-36
Let l(z) = -z - 10. Calculate l(-3).
-7
Let i(f) = -f**3 + 25*f**2 - 22*f - 43. Calculate i(24).
5
Let q(v) = -6*v**3 - v - 1. Determine q(-1).
6
Let g(d) = -d**2 - 18*d + 224. Determine g(-26).
16
Let n(f) = f**3 - 7*f**2 + 7*f - 22. Determine n(8).
98
Let v(f) = 5*f**2 + f - 5. Calculate v(-5).
115
Let g(v) = -2*v**2 + 19*v - 27. Give g(8).
-3
Let b(m) = -m**2 - 73*m + 228. What is b(3)?
0
Let c(o) = o - 22. Calculate c(19).
-3
Let d(p) = 4*p**2 - 27*p + 22. Give d(7).
29
Let h(v) = v**2 - v - 2. What is h(0)?
-2
Let j(u) = u**3 - 7*u**2 - 2*u - 11. Calculate j(8).
37
Let l(k) = -k**2 + 15*k - 14. Calculate l(14).
0
Let b(j) = 5*j - 44. Give b(10).
6
Let d(f) = 13*f**2 + 1. What is d(1)?
14
Let s(q) = -12*q - 4. Give s(-2).
20
Let k(p) = 2*p**2 - 5*p + 3. What is k(4)?
15
Let j(g) = -g**3 - 5*g**2 + 3*g + 2. Give j(-6).
20
Let v(d) = -8*d - 18. Determine v(8).
-82
Let k(g) = -3*g - 25. Give k(-9).
2
Let g(t) = -2*t**3 - 8*t**2 + 12*t. Calculate g(-5).
-10
Let m(p) = -p**3 + 3*p**2 + 5*p - 5. What is m(2)?
9
Let w(i) = 20*i**3 + 2*i**2 - 1. Give w(-1).
-19
Let w(n) = -4*n - 37. Calculate w(-16).
27
Let m(l) = l**2 - 36*l - 15. Give m(26).
-275
Let u(q) = -q**3 - 36*q**2 + 40*q + 110. Determine u(-37).
-1
Let r(c) = 3*c. What is r(-2)?
-6
Let s(v) = 3*v**2 - 25*v - 14. Calculate s(9).
4
Let a(b) = -5*b - 103. Calculate a(-37).
82
Let u(v) = -24*v**3 - v**2 + v. Give u(1).
-24
Let v(m) = -2*m**2 - 5*m + 8. Calculate v(-5).
-17
Let f(c) = c**2 - 9*c - 11. Calculate f(10).
-1
Let k(j) = -2*j**2 + 9*j + 3. Calculate k(5).
-2
Let u(r) = r**3 + r**2 + 2*r - 1. Calculate u(-4).
-57
Let k(r) = -r**3 + 13*r**2 - 12*r + 4. What is k(12)?
4
Let p(w) = -w**2 + 2*w + 2. What is p(-8)?
-78
Let z(f) = -f**3 + f**2 + 31*f - 2. Give z(-5).
-7
Let j(m) = 2*m - 30. Determine j(10).
-10
Let h(b) = -b**2 - 9*b - 7. Determine h(-5).
13
Let a(r) = -2*r - 12. Determine a(-7).
2
Let q(t) = -6*t**2 + 4*t. Determine q(3).
-42
Let r(h) = -2*h**2 + 12*h. Give r(5).
10
Let f(n) = -3*n - 35. Calculate f(-8).
-11
Let m(y) = -y**2 - 6*y + 16. Give m(-8).
0
Let b(l) = -2*l - 33. What is b(-11)?
-11
Let w(q) = -11*q - 2. Give w(2).
-24
Let w(i) = -i**3 + 8*i**2 + 9*i. Give w(9).
0
Let f(l) = -l**3 - 9*l**2 + 8*l + 30. Calculate f(-10).
50
Let p(i) = -i**3 + 7*i**2 + i + 7. What is p(8)?
-49
Let r(q) = -5*q**2 + q. Determine r(2).
-18
Let b(x) = 22*x - 160. Give b(7).
-6
Let c(t) = -t**2 - 11*t - 5. What is c(-11)?
-5
Let j(h) = -2*h - 3. What is j(6)?
-15
Let k(y) = -7*y**2 - 19*y - 26. Calculate k(-2).
-16
Let v(i) = -17*i + 6. Give v(-3).
57
Let h(z) = -z**3 - 9*z**2 - 7*z - 18. What is h(-8)?
-26
Let u(h) = 6*h + 19. Calculate u(-16).
-77
Let u(n) = -n - 5. Determine u(4).
-9
Let t(n) = n**3 + 16*n**2 - 2*n - 23. Determine t(-16).
9
Let u(b) = 7*b**3 + 2. Give u(-2).
-54
Let w(i) = 2*i**2 + 54*i - 54. What is w(-28)?
2
Let q(s) = -2*s**2 + 18*s - 15. Calculate q(9).
-15
Let w(a) = a**3 + 11*a**2 - 10. Calculate w(-11).
-10
Let w(j) = -j**3 - 7*j**2 - 1. Give w(-5).
-51
Let z(u) = u**3 + 3*u**2 + 6*u + 16. Calculate z(-5).
-64
Let d(t) = -t**3 + 3*t**2 - 4*t - 4. Determine d(5).
-74
Let r(l) = -l**3 - l**2 + 2*l + 26. Determine r(0).
26
Let k(b) = 21*b - 81. Calculate k(6).
45
Let s(g) = 13*g + 333. Give s(-26).
-5
Let t(u) = 18*u - 2. Calculate t(2).
34
Let z(p) = -4*p - 4. Give z(5).
-24
Let a(q) = -2*q**3 - 34*q**2 + q + 9. Give a(-17).
-8
Let d(j) = -j**2 - j - 7. Calculate d(-10).
-97
Let j(m) = m**2 + 27*m - 49. Calculate j(-29).
9
Let m(l) = -l**3 - 8*l**2 - 8*l + 4. Calculate m(-7).
11
Let z(h) = 3*h**2 + 38*h + 59. Determine z(-11).
4
Let z(o) = o**3 + 9*o**2 + 7*o - 10. Determine z(-8).
-2
Let r(y) = -y**3 + 3*y**2 + 3*y - 5. Give r(4).
-9
Let w(r) = -8*r - 3. Calculate w(4).
-35
Let d(w) = -w**3 + 7*w**2 - 2*w - 23. Determine d(6).
1
Let m(s) = 2*s + 9. What is m(-7)?
-5
Let j(w) = -6*w**2 + 8*w - 6. Determine j(4).
-70
Let h(v) = 3*v**2 - 32*v - 24. Give h(12).
24
Let h(s) = -11*s**2 + 25*s + 3. Determine h(2).
9
Let h(m) = m**3 + 2*m**2 - 7*m - 3. What is h(-3)?
9
Let t(r) = -r**3 - 3*r**2 + 3*r + 1. What is t(-2)?
-9
Let y(u) = u**2 + 14*u - 33. Determine y(-14).
-33
Let t(m) = m + 1. What is t(4)?
5
Let j(b) = -4*b**3 + 46*b**2 - 21*b + 11. Calculate j(11).
22
Let t(x) = x**2 + 5*x - 24. What is t(-9)?
12
Let s(f) = -11*f + 2. Give s(3).
-31
Let n(l) = l**3 - 4*l**2 - 5*l + 5. Determine n(5).
5
Let o(g) = -g**2 - 3*g - 5. Give o(-2).
-3
Let i(l) = l**3 + 8*l**2 - 12*l - 13. Determine i(-9).
14
Let q(n) = -20*n + 15. Determine q(4).
-65
Let o(h) = -h**3 - h**2 + 2*h + 1. Give o(-3).
13
Let v(o) = 4*o + 5. Calculate v(5).
25
Let v(g) = g**2 - 27*g + 35. Give v(26).
9
Let c(x) = -x + 5. Determine c(9).
-4
Let x(z) = 3*z + 55. Determine x(-17).
4
Let b(r) = -28*r - 12. What is b(3)?
-96
Let n(i) = -4*i**2 + 33*i + 33. What is n(9)?
6
Let o(p) = p - 6. What is o(-8)?
-14
Let r(o) = o**2 - o - 6. Determine r(-3).
6
Let q(u) = -u**3 - 14*u**2 + 17*u + 21. Calculate q(-15).
-9
Let s(f) = -4*f + 111. Determine s(35).
-29
Let x(v) = v**2 + 7*v + 20. Give x(-4).
8
Let r(c) = -2*c - 19. Determine r(-13).
7
Let f(k) = -3*k - 3. Determine f(6).
-21
Let g(n) = -19*n - 124. What is g(-9)?
47
Let i(p) = -14*p**3 - 4*p**2 + 7*p - 2. Give i(1).
-13
Let z(c) = -c**2 + 2*c. Determine z(-2).
-8
Let v(o) = -o**2 + 6*o - 1. Determine v(7).
-8
Let g(f) = -2*f**3 + 2*f**2 - 2*f. What is g(2)?
-12
Let j(o) = -10*o + 21. Calculate j(3).
-9
Let k(c) = 6*c + 36. Give k(-11).
-30
Let j(t) = -t**2 - 9*t - 6. Calculate j(-9).
-6
Let j(u) = 2*u**2 - 4*u + 9. What is j(3)?
15
Let s(k) = k**3 + k + 8. Determine s(0).
8
Let y(t) = -t**2 - 13*t - 37. Determine y(-10).
-7
Let v(c) = -c**3 + 4*c + 3. Give v(-2).
3
Let z(r) = -155*r - 924. Determine z(-6).
6
Let u(y) = 9*y - 44. What is u(2)?
-26
Let h(c) = -c**3 - 4*c**2 - 7. What is h(-4)?
-7
Let y(j) = -j**3 - 7*j**2 - 9*j - 15. Determine y(-6).
3
Let f(u) = -4*u**2 - 8*u + 1. Calculate f(-3).
-11
Let r(b) = -76*b - 303. Give r(-4).
1
Let v(c) = c**2 - 4*c - 5. What is v(-5)?
40
Let z(v) = v**2 + 7*v - 8. What is z(-9)?
10
Let t(k) = -k**3 - 3*k